s of 7472.
2, 467
List the prime factors of 701.
701
List the prime factors of 36792.
2, 3, 7, 73
What are the prime factors of 3674?
2, 11, 167
What are the prime factors of 159292?
2, 7, 5689
List the prime factors of 10642.
2, 17, 313
What are the prime factors of 5164?
2, 1291
List the prime factors of 56115.
3, 5, 29, 43
What are the prime factors of 6242?
2, 3121
List the prime factors of 17974.
2, 11, 19, 43
What are the prime factors of 6423?
3, 2141
List the prime factors of 6201.
3, 13, 53
List the prime factors of 1230.
2, 3, 5, 41
What are the prime factors of 25728?
2, 3, 67
List the prime factors of 7317.
3, 271
List the prime factors of 35968.
2, 281
What are the prime factors of 34334?
2, 17167
What are the prime factors of 4481?
4481
List the prime factors of 4378.
2, 11, 199
List the prime factors of 180.
2, 3, 5
List the prime factors of 6287.
6287
List the prime factors of 344.
2, 43
What are the prime factors of 128692?
2, 32173
List the prime factors of 13444.
2, 3361
What are the prime factors of 926?
2, 463
What are the prime factors of 2888?
2, 19
What are the prime factors of 9379?
83, 113
What are the prime factors of 184?
2, 23
List the prime factors of 50427.
3, 13, 431
List the prime factors of 90814.
2, 17, 2671
List the prime factors of 3656.
2, 457
List the prime factors of 63008.
2, 11, 179
List the prime factors of 75745.
5, 15149
List the prime factors of 214.
2, 107
What are the prime factors of 939?
3, 313
What are the prime factors of 28598?
2, 79, 181
List the prime factors of 2270.
2, 5, 227
What are the prime factors of 1242?
2, 3, 23
List the prime factors of 10455.
3, 5, 17, 41
List the prime factors of 5663.
7, 809
List the prime factors of 31159.
31159
List the prime factors of 4811.
17, 283
What are the prime factors of 6334?
2, 3167
What are the prime factors of 6749?
17, 397
What are the prime factors of 6780?
2, 3, 5, 113
List the prime factors of 14077.
7, 2011
What are the prime factors of 887?
887
List the prime factors of 1628.
2, 11, 37
List the prime factors of 41771.
41771
What are the prime factors of 741?
3, 13, 19
List the prime factors of 18879.
3, 7, 29, 31
What are the prime factors of 98?
2, 7
List the prime factors of 5712.
2, 3, 7, 17
What are the prime factors of 28350?
2, 3, 5, 7
List the prime factors of 5866.
2, 7, 419
List the prime factors of 4132.
2, 1033
List the prime factors of 34038.
2, 3, 31, 61
What are the prime factors of 2209?
47
List the prime factors of 1167.
3, 389
What are the prime factors of 6529?
6529
List the prime factors of 2262.
2, 3, 13, 29
What are the prime factors of 7060?
2, 5, 353
List the prime factors of 4965.
3, 5, 331
What are the prime factors of 16867?
101, 167
List the prime factors of 1135.
5, 227
List the prime factors of 10668.
2, 3, 7, 127
List the prime factors of 4507.
4507
List the prime factors of 901.
17, 53
List the prime factors of 17930.
2, 5, 11, 163
List the prime factors of 588.
2, 3, 7
List the prime factors of 13160.
2, 5, 7, 47
What are the prime factors of 80847?
3, 13, 691
What are the prime factors of 629?
17, 37
What are the prime factors of 19913?
19913
What are the prime factors of 111941?
23, 31, 157
List the prime factors of 697.
17, 41
What are the prime factors of 1868?
2, 467
What are the prime factors of 38217?
3, 12739
List the prime factors of 77964.
2, 3, 73, 89
What are the prime factors of 3591?
3, 7, 19
List the prime factors of 2749.
2749
What are the prime factors of 10123?
53, 191
What are the prime factors of 2717?
11, 13, 19
What are the prime factors of 8864?
2, 277
List the prime factors of 87104.
2, 1361
List the prime factors of 29568.
2, 3, 7, 11
List the prime factors of 2615.
5, 523
What are the prime factors of 708?
2, 3, 59
What are the prime factors of 2369?
23, 103
What are the prime factors of 819?
3, 7, 13
List the prime factors of 13555.
5, 2711
What are the prime factors of 82916?
2, 19, 1091
What are the prime factors of 547?
547
List the prime factors of 998.
2, 499
List the prime factors of 4483.
4483
What are the prime factors of 2399?
2399
What are the prime factors of 109448?
2, 13681
List the prime factors of 80296.
2, 10037
What are the prime factors of 93164?
2, 23291
List the prime factors of 4908.
2, 3, 409
What are the prime factors of 600?
2, 3, 5
What are the prime factors of 6757?
29, 233
What are the prime factors of 3611?
23, 157
What are the prime factors of 2418?
2, 3, 13, 31
What are the prime factors of 8227?
19, 433
What are the prime factors of 1326?
2, 3, 13, 17
List the prime factors of 3308.
2, 827
List the prime factors of 28450.
2, 5, 569
What are the prime factors of 130?
2, 5, 13
List the prime factors of 15606.
2, 3, 17
List the prime factors of 85.
5, 17
What are the prime factors of 1101?
3, 367
What are the prime factors of 1673?
7, 239
List the prime factors of 10139.
10139
What are the prime factors of 30777?
3, 10259
What are the prime factors of 33205?
5, 29, 229
What are the prime factors of 3173?
19, 167
What are the prime factors of 26778?
2, 3, 4463
What are the prime factors of 9621?
3, 1069
What are the prime factors of 12655?
5, 2531
List the prime factors of 7389.
3, 821
List the prime factors of 3567.
3, 29, 41
What are the prime factors of 1819?
17, 107
List the prime factors of 17198.
2, 8599
List the prime factors of 8614.
2, 59, 73
What are the prime factors of 42214?
2, 21107
List the prime factors of 7715.
5, 1543
List the prime factors of 8412.
2, 3, 701
List the prime factors of 44912.
2, 7, 401
List the prime factors of 5288.
2, 661
What are the prime factors of 4423?
4423
List the prime factors of 56979.
3, 13, 487
What are the prime factors of 50?
2, 5
List the prime factors of 2852.
2, 23, 31
What are the prime factors of 1324?
2, 331
What are the prime factors of 164?
2, 41
List the prime factors of 100372.
2, 23, 1091
List the prime factors of 2775.
3, 5, 37
What are the prime factors of 10644?
2, 3, 887
What are the prime factors of 768?
2, 3
List the prime factors of 8089.
8089
What are the prime factors of 16993?
16993
What are the prime factors of 540?
2, 3, 5
What are the prime factors of 2131?
2131
What are the prime factors of 16978?
2, 13, 653
What are the prime factors of 4186?
2, 7, 13, 23
List the prime factors of 12375.
3, 5, 11
List the prime factors of 2064.
2, 3, 43
What are the prime factors of 37472?
2, 1171
List the prime factors of 5401.
11, 491
List the prime factors of 19755.
3, 5, 439
What are the prime factors of 2960?
2, 5, 37
What are the prime factors of 757?
757
List the prime factors of 35317.
35317
List the prime factors of 1833.
3, 13, 47
What are the prime factors of 62332?
2, 15583
What are the prime factors of 73051?
11, 29, 229
List the prime factors of 9121.
7, 1303
What are the prime factors of 125559?
3, 7, 1993
What are the prime factors of 638?
2, 11, 29
What are the prime factors of 526?
2, 263
List the prime factors of 37427.
13, 2879
What are the prime factors of 136?
2, 17
List the prime factors of 1197.
3, 7, 19
List the prime factors of 1809.
3, 67
List the prime factors of 49474.
2, 29, 853
What are the prime factors of 3390?
2, 3, 5, 113
What are the prime factors of 1381?
1381
What are the prime factors of 245?
5, 7
List the prime factors of 106328.
2, 13291
What are the prime factors of 4466?
2, 7, 11, 29
List the prime factors of 160732.
2, 11, 13, 281
What are the prime factors of 6?
2, 3
List the prime factors of 342.
2, 3, 19
List the prime factors of 92008.
2, 7, 31, 53
List the prime factors of 2816.
2, 11
List the prime factors of 2273.
2273
What are the prime factors of 5775?
3, 5, 7, 11
List the prime factors of 8013.
3, 2671
List the prime factors of 673.
673
What are the prime factors of 61?
61
What are the prime factors of 3650?
2, 5, 73
What are the prime factors of 1784?
2, 223
List the prime factors of 33920.
2, 5, 53
What are the prime factors of 11526?
2, 3, 17, 113
What are the prime factors of 866?
2, 433
List the prime factors of 67.
67
List the prime factors of 3934.
2, 7, 281
What are the prime factors of 6862?
2, 47, 73
What are the prime factors of 3569?
43, 83
What are the prime factors of 42301?
7, 6043
List the prime factors of 764.
2, 191
What 